d by 116.
113
What is the remainder when 1072 is divided by 14?
8
Calculate the remainder when 528 is divided by 86.
12
What is the remainder when 680 is divided by 135?
5
Calculate the remainder when 5094 is divided by 8.
6
Calculate the remainder when 133 is divided by 34.
31
Calculate the remainder when 1195 is divided by 46.
45
What is the remainder when 7470 is divided by 31?
30
What is the remainder when 409 is divided by 41?
40
Calculate the remainder when 198 is divided by 66.
0
Calculate the remainder when 386 is divided by 22.
12
Calculate the remainder when 918 is divided by 601.
317
What is the remainder when 10947 is divided by 23?
22
Calculate the remainder when 141 is divided by 80.
61
Calculate the remainder when 8478 is divided by 16.
14
Calculate the remainder when 522 is divided by 34.
12
Calculate the remainder when 193 is divided by 179.
14
What is the remainder when 3360 is divided by 116?
112
Calculate the remainder when 191 is divided by 32.
31
What is the remainder when 498 is divided by 56?
50
Calculate the remainder when 143 is divided by 34.
7
Calculate the remainder when 71 is divided by 30.
11
Calculate the remainder when 580 is divided by 288.
4
Calculate the remainder when 204 is divided by 69.
66
What is the remainder when 1507 is divided by 225?
157
What is the remainder when 219 is divided by 83?
53
What is the remainder when 18017 is divided by 42?
41
What is the remainder when 1036 is divided by 281?
193
Calculate the remainder when 95 is divided by 36.
23
Calculate the remainder when 234 is divided by 47.
46
Calculate the remainder when 69 is divided by 35.
34
Calculate the remainder when 108 is divided by 7.
3
What is the remainder when 1053 is divided by 48?
45
What is the remainder when 148 is divided by 43?
19
What is the remainder when 9553 is divided by 41?
0
What is the remainder when 1348 is divided by 169?
165
What is the remainder when 1758 is divided by 44?
42
Calculate the remainder when 48 is divided by 15.
3
What is the remainder when 379 is divided by 38?
37
Calculate the remainder when 81 is divided by 17.
13
What is the remainder when 196 is divided by 63?
7
Calculate the remainder when 22363 is divided by 35.
33
What is the remainder when 2057 is divided by 38?
5
What is the remainder when 3994 is divided by 31?
26
What is the remainder when 106 is divided by 105?
1
What is the remainder when 943 is divided by 135?
133
Calculate the remainder when 266 is divided by 25.
16
Calculate the remainder when 1007 is divided by 126.
125
What is the remainder when 17606 is divided by 62?
60
Calculate the remainder when 114 is divided by 20.
14
What is the remainder when 461 is divided by 78?
71
Calculate the remainder when 79 is divided by 21.
16
What is the remainder when 392 is divided by 11?
7
Calculate the remainder when 138 is divided by 72.
66
What is the remainder when 3815 is divided by 421?
26
What is the remainder when 487 is divided by 41?
36
What is the remainder when 133 is divided by 70?
63
Calculate the remainder when 99 is divided by 39.
21
What is the remainder when 1848 is divided by 70?
28
What is the remainder when 486 is divided by 35?
31
Calculate the remainder when 347 is divided by 72.
59
Calculate the remainder when 213 is divided by 17.
9
What is the remainder when 63 is divided by 22?
19
Calculate the remainder when 1177 is divided by 68.
21
Calculate the remainder when 495 is divided by 60.
15
Calculate the remainder when 312 is divided by 45.
42
Calculate the remainder when 116 is divided by 59.
57
What is the remainder when 259 is divided by 106?
47
What is the remainder when 882 is divided by 34?
32
Calculate the remainder when 5948 is divided by 25.
23
Calculate the remainder when 186 is divided by 47.
45
What is the remainder when 1164 is divided by 73?
69
Calculate the remainder when 187 is divided by 27.
25
Calculate the remainder when 1113 is divided by 133.
49
Calculate the remainder when 242 is divided by 5.
2
What is the remainder when 318 is divided by 55?
43
What is the remainder when 201 is divided by 21?
12
What is the remainder when 1047 is divided by 174?
3
What is the remainder when 705 is divided by 71?
66
What is the remainder when 750 is divided by 38?
28
Calculate the remainder when 3104 is divided by 115.
114
What is the remainder when 2126 is divided by 38?
36
Calculate the remainder when 369 is divided by 12.
9
Calculate the remainder when 260 is divided by 84.
8
What is the remainder when 166 is divided by 89?
77
Calculate the remainder when 2752 is divided by 102.
100
What is the remainder when 1276 is divided by 40?
36
What is the remainder when 1133 is divided by 363?
44
What is the remainder when 487 is divided by 67?
18
Calculate the remainder when 352 is divided by 49.
9
Calculate the remainder when 167 is divided by 50.
17
Calculate the remainder when 1026 is divided by 172.
166
What is the remainder when 43 is divided by 33?
10
What is the remainder when 146 is divided by 53?
40
Calculate the remainder when 287 is divided by 77.
56
Calculate the remainder when 159 is divided by 54.
51
What is the remainder when 73 is divided by 49?
24
What is the remainder when 10290 is divided by 3?
0
Calculate the remainder when 56 is divided by 29.
27
What is the remainder when 4157 is divided by 33?
32
What is the remainder when 205 is divided by 9?
7
Calculate the remainder when 1014 is divided by 151.
108
What is the remainder when 307 is divided by 58?
17
Calculate the remainder when 122 is divided by 33.
23
Calculate the remainder when 432 is divided by 42.
12
What is the remainder when 1511 is divided by 56?
55
What is the remainder when 34120 is divided by 66?
64
Calculate the remainder when 1263 is divided by 66.
9
Calculate the remainder when 5609 is divided by 170.
169
What is the remainder when 325 is divided by 78?
13
What is the remainder when 1847 is divided by 32?
23
Calculate the remainder when 180 is divided by 64.
52
What is the remainder when 1531 is divided by 10?
1
What is the remainder when 191 is divided by 6?
5
Calculate the remainder when 26 is divided by 7.
5
What is the remainder when 63 is divided by 31?
1
Calculate the remainder when 464 is divided by 14.
2
What is the remainder when 886 is divided by 81?
76
Calculate the remainder when 157 is divided by 42.
31
What is the remainder when 1383 is divided by 58?
49
What is the remainder when 283 is divided by 34?
11
What is the remainder when 354 is divided by 127?
100
Calculate the remainder when 815 is divided by 207.
194
Calculate the remainder when 286 is divided by 3.
1
What is the remainder when 14086 is divided by 26?
20
What is the remainder when 87 is divided by 25?
12
Calculate the remainder when 169 is divided by 85.
84
Calculate the remainder when 174 is divided by 60.
54
Calculate the remainder when 141 is divided by 67.
7
Calculate the remainder when 512 is divided by 52.
44
Calculate the remainder when 12669 is divided by 33.
30
What is the remainder when 358 is divided by 90?
88
What is the remainder when 162 is divided by 62?
38
Calculate the remainder when 88 is divided by 22.
0
Calculate the remainder when 1752 is divided by 872.
8
What is the remainder when 341 is divided by 84?
5
Calculate the remainder when 499 is divided by 182.
135
What is the remainder when 1196 is divided by 133?
132
Calculate the remainder when 38 is divided by 12.
2
Calculate the remainder when 879 is divided by 396.
87
Calculate the remainder when 186 is divided by 15.
6
What is the remainder when 2143 is divided by 55?
53
Calculate the remainder when 4139 is divided by 230.
229
Calculate the remainder when 557 is divided by 20.
17
Calculate the remainder when 377 is divided by 94.
1
What is the remainder when 2549 is divided by 75?
74
Calculate the remainder when 336 is divided by 172.
164
Calculate the remainder when 153 is divided by 54.
45
What is the remainder when 98 is divided by 18?
8
What is the remainder when 2084 is divided by 123?
116
Calculate the remainder when 180 is divided by 7.
5
What is the remainder when 6713 is divided by 82?
71
Calculate the remainder when 940 is divided by 41.
38
What is the remainder when 373 is divided by 25?
23
Calculate the remaind